{"id":168,"date":"2026-03-05T15:54:37","date_gmt":"2026-03-05T14:54:37","guid":{"rendered":"https:\/\/mojebannery.pl\/?page_id=168"},"modified":"2026-03-06T13:53:45","modified_gmt":"2026-03-06T12:53:45","slug":"komentarze","status":"publish","type":"page","link":"https:\/\/mojebannery.pl\/index.php\/komentarze\/","title":{"rendered":"Zapraszam do komentowania"},"content":{"rendered":"\n<h2 class=\"wp-block-heading\"><em>Nie b\u00f3j si\u0119 napisa\u0107 \u2014 nawet kr\u00f3tki komentarz mo\u017ce by\u0107 warto\u015bciowy!<\/em>\u00a0\ud83d\ude80<\/h2>\n\n\n\n<p><\/p>\n<div class=\"gsp_post_data\" \r\n\t            data-post_type=\"page\" \r\n\t            data-cat=\"\" \r\n\t            data-modified=\"120\"\r\n\t            data-created=\"1772726077\"\r\n\t            data-title=\"Zapraszam do komentowania\" \r\n\t            data-home=\"https:\/\/mojebannery.pl\"><\/div>","protected":false},"excerpt":{"rendered":"<p>Nie b\u00f3j si\u0119 napisa\u0107 \u2014 nawet kr\u00f3tki komentarz mo\u017ce by\u0107 warto\u015bciowy!\u00a0\ud83d\ude80<\/p>\n","protected":false},"author":1,"featured_media":0,"parent":0,"menu_order":0,"comment_status":"open","ping_status":"closed","template":"","meta":{"footnotes":""},"class_list":["post-168","page","type-page","status-publish","hentry"],"aioseo_notices":[],"_links":{"self":[{"href":"https:\/\/mojebannery.pl\/index.php\/wp-json\/wp\/v2\/pages\/168","targetHints":{"allow":["GET"]}}],"collection":[{"href":"https:\/\/mojebannery.pl\/index.php\/wp-json\/wp\/v2\/pages"}],"about":[{"href":"https:\/\/mojebannery.pl\/index.php\/wp-json\/wp\/v2\/types\/page"}],"author":[{"embeddable":true,"href":"https:\/\/mojebannery.pl\/index.php\/wp-json\/wp\/v2\/users\/1"}],"replies":[{"embeddable":true,"href":"https:\/\/mojebannery.pl\/index.php\/wp-json\/wp\/v2\/comments?post=168"}],"version-history":[{"count":7,"href":"https:\/\/mojebannery.pl\/index.php\/wp-json\/wp\/v2\/pages\/168\/revisions"}],"predecessor-version":[{"id":203,"href":"https:\/\/mojebannery.pl\/index.php\/wp-json\/wp\/v2\/pages\/168\/revisions\/203"}],"wp:attachment":[{"href":"https:\/\/mojebannery.pl\/index.php\/wp-json\/wp\/v2\/media?parent=168"}],"curies":[{"name":"wp","href":"https:\/\/api.w.org\/{rel}","templated":true}]}}